42042010320
In base 15, what is 37 - 12d20?
-12cd8
In base 16, what is 4 + 430f00?
430f04
In base 2, what is 110101101 + -110100100000101?
-110011101011000
In base 16, what is -10c83 - -69?
-10c1a
In base 4, what is -12230323211 + 1?
-12230323210
In base 4, what is 1233102 - 110013?
1123023
In base 12, what is 99 + -b155?
-b078
In base 7, what is 2 + 1225401420?
1225401422
In base 15, what is 4 + 20e214?
20e218
In base 10, what is -8769 + -67?
-8836
In base 9, what is 15440874 - 1?
15440873
In base 14, what is a68bd4 + -2?
a68bd2
In base 15, what is 6b2b50 - -22?
6b2b72
In base 15, what is -d1b2 - -a3?
-d10e
In base 7, what is 2 + -600125060?
-600125055
In base 11, what is 20581592 - 1?
20581591
In base 15, what is bc42c5 - -3?
bc42c8
In base 13, what is -3 + 405b25a?
405b257
In base 10, what is 365 - -550?
915
In base 14, what is -d45d6 - 132?
-d4728
In base 3, what is -11012011022 - 12012?
-11012100111
In base 4, what is 10 - 1211333202020?
-1211333202010
In base 7, what is -42 - 60624312?
-60624354
In base 10, what is -32496 + 593?
-31903
In base 13, what is -201a181 + -2?
-201a183
In base 9, what is 4187780 - -5?
4187785
In base 6, what is -225 + 34340?
34111
In base 13, what is -636a0 + -2043?
-65713
In base 15, what is 2d + -9e64?
-9e36
In base 2, what is -10001000011110011 + -111111001?
-10001001011101100
In base 7, what is -13063 + 1155?
-11605
In base 5, what is -3 + 41043102?
41043044
In base 12, what is 42 + 40a164?
40a1a6
In base 7, what is 122 - 16104200?
-16104045
In base 6, what is -1225320314 + -1?
-1225320315
In base 2, what is 1110101011010010011 + 100000010?
1110101011110010101
In base 8, what is -707440 + -1750?
-711410
In base 3, what is -2201112111201 - 221?
-2201112112122
In base 10, what is 4 + 15212713?
15212717
In base 13, what is -1 - -825832?
825831
In base 16, what is -8bad - -25?
-8b88
In base 2, what is -1111111100011 - 101011111100?
-10101011011111
In base 13, what is 2561 + -23b82?
-21621
In base 3, what is -10001 - -220002121101?
220002111100
In base 4, what is 10 - 1311203030002?
-1311203023332
In base 5, what is -130100 - -1201?
-123344
In base 11, what is 227a41300 - -3?
227a41303
In base 2, what is 100111100000 + -100110101?
100010101011
In base 3, what is -112110 + -2110000122?
-2110120002
In base 9, what is 5 - 3121442?
-3121436
In base 2, what is 1011100000100010101001111 - -1?
1011100000100010101010000
In base 16, what is 442a6 + 85?
4432b
In base 2, what is 10001110001110001101 + 10111001101?
10001110100101011010
In base 16, what is -3097dde - -5?
-3097dd9
In base 11, what is 2934 + 9973?
117a7
In base 13, what is -b441 + -981?
-c0c2
In base 8, what is -6 - -2533240?
2533232
In base 10, what is 2 - -329544?
329546
In base 11, what is 70860 - 16a7?
6a164
In base 16, what is -5 - -1439f5?
1439f0
In base 7, what is 362536650 - 1?
362536646
In base 16, what is -15de19 - 19e?
-15dfb7
In base 6, what is -2211123 + -3?
-2211130
In base 14, what is 5 - 28360a9?
-28360a4
In base 16, what is 1d1ad + 337?
1d4e4
In base 2, what is 100 + -1101101110001010000100111?
-1101101110001010000100011
In base 8, what is 3 + -6706330?
-6706325
In base 5, what is -1 - 203003443111?
-203003443112
In base 10, what is 2 - 10710404?
-10710402
In base 4, what is 1100221 + -12120?
1022101
In base 3, what is 0 + -200010202002021111?
-200010202002021111
In base 6, what is -503 - -51151110?
51150203
In base 9, what is 2586 + 688?
3385
In base 4, what is 23 + -2131312330?
-2131312301
In base 2, what is 101011100011101000110001 + 11011?
101011100011101001001100
In base 4, what is 1130 - 12303232013?
-12303230223
In base 16, what is 4 + -ef50e1?
-ef50dd
In base 4, what is 3222321020 + 10?
3222321030
In base 16, what is 143f0ec - -2?
143f0ee
In base 14, what is -cb1 - 34?
-d05
In base 5, what is 1122 - 102230414?
-102224242
In base 2, what is 11000000000110000 - 11111?
11000000000010001
In base 10, what is -4397 + 409?
-3988
In base 13, what is 0 - 353377c7?
-353377c7
In base 7, what is 0 + 21125515?
21125515
In base 10, what is -8 + 14564?
14556
In base 13, what is -118c3 + -2c27?
-1481a
In base 8, what is -471 - -301027?
300336
In base 14, what is 608d + 184d?
78dc
In base 13, what is -217 - -a596?
a37c
In base 11, what is 51a + 14131?
14650
In base 16, what is -313c7dd - 9?
-313c7e6
In base 5, what is -123141104034 - 2?
-123141104041
In base 8, what is 162 - 240017?
-237635
In base 11, what is 1906 + -19816?
-17a10
In base 8, what is -51136 + 471?
-50445
In base 14, what is c1778dc - 12?
c1778ca
In base 8, what is 223561 - 117?
223442
In base 3, what is 121011110011201 + 12?
121011110011220
In base 4, what is -3133010113021 + -2?
-3133010113023
In base 5, what is -130 + 214142312?
214142132
In base 3, what is -11201011020120021 - -2?
-11201011020120012
In base 8, what is -70 - 47175262?
-47175352
In base 2, what is -1001111100011110001010101 - -1111?
-1001111100011110001000110
In base 3, what is -1202 - -201001222?
201000020
In base 9, what is 33733 + 26221?
61054
In base 13, what is 2c86a5 + -4?
2c86a1
In base 8, what is -130732740 + 16?
-130732722
In base 8, what is -1 - -44024002?
44024001
In base 10, what is 355730 - 260?
355470
In base 11, what is -86128 - -281?
-85957
In base 6, what is 1524 - 130243?
-124315
In base 6, what is 122345 - -22122?
144511
In base 12, what is -1388b + 69?
-13822
In base 6, what is -114 - 203310344?
-203310502
In base 4, what is 11 - 131203301?
-131203230
In base 10, what is 30 + -1849343?
-1849313
In base 7, what is -5 + 5564414562?
5564414554
In base 16, what is -3 - -836923?
836920
In base 6, what is -131224342 + -31?
-131224413
In base 3, what is -112 + 2100012110?
2100011221
In base 2, what is 100011010000 - -100110100000110?
101010111010110
In base 15, what is -d56a4c - 2?
-d56a4e
In base 9, what is -13602067 + 58?
-13602008
In base 4, what is -2 - -12213130133?
12213130131
In base 14, what is 7473a12 + -4?
7473a0c
In base 2, what is -11 + 111101100011001100111010?
111101100011001100110111
In base 9, what is -3816 - -8115?
4188
In base 15, what is 328c51d - 5?
328c518
In base 14, what is ba3d + 8?
ba47
In base 9, what is -1433256 - -27?
-1433228
In base 3, what is -10 + 1012000102121?
1012000102111
In base 16, what is -633 + 2783?
2150
In base 9, what is -540 - -4452?
3812
In base 6, what is 23331231 - 3?
23331224
In base 8, what is -3503 - 1154?
-4657
In base 8, what is -307511624 - 5?
-307511631
In base 14, what is -20d77 + 11a?
-20c5b
In base 4, what is -22101210201 - -12?
-22101210123
In base 8, what is -33 - -11167254?
11167221
In base 2, what is 0 - -11111110001100101000110010?
11111110001100101000110010
In base 3, what is -1012221002 + -1001020012?
-2021011021
In base 3, what is 222201210 - -200221201?
1200200111
In base 11, what is 3117 + 21a46?
25062
In base 13, what is -3ac896b + 5?
-3ac8966
In base 9, what is 15651 - -54428?
71180
In base 7, what is 226224122 + -4?
226224115
In base 7, what is 13341 - -24450?
41121
In base 11, what is 21a + -347986?
-347767
In base 16, what is 30 - -11ee?
121e
In base 9, what is -3645128 + 13?
-3645115
In base 7, what is 35100465 - -3?
35100501
In base 9, what is 770 + -350725?
-348845
In base 7, what is -3061650526 - 2?
-3061650531
In base 16, what is 17f3c43 - 3?
17f3c40
In base 9, what is 107520 + -4218?
103301
In base 11, what is -16 + -6a4831?
-6a4847
In base 11, what is -29a72806 + 5?
-29a72801
In base 3, what is 1020 - 110000121011002?
-110000121002212
In base 10, what is -34953 + -324?
-35277
In base 16, what is -322b3 - -13?
-322a0
In base 16, what is 7 + -1d702e?
-1d7027
In base 13, what is -1184 + -6c0b?
-8092
In base 2, what is 1001100101110101001010010000 - -100?
1001100101110101001010010100
In base 13, what is -40 - 98979b?
-98980b
In base 7, what is -14 + -126510003?
-126510020
In base 12, what is -663 + -188b?
-2332
In base 10, what is -317 + 208277?
207960
In base 13, what is 860 - 785c?
-6ccc
In base 8, what is 2 - 17502375?
-17502373
In base 11, what is -874095 - 19?
-874103
In base 13, what is 51 + 1a2946?
1a2997
In base 5, what is -233300 - -1244423?
1011123
In base 5, what is -10121 + 1240343?
1230222
In base 3, what is 21102102021 - -10220000?
21120022021
In base 7, what is -6103602223 + -4?
-6103602230
In base 15, what is -